rs of 510015354.
2, 3, 701, 121259
What are the prime factors of 22936526?
2, 1999, 5737
What are the prime factors of 1068011997?
3, 13, 1039, 26357
List the prime factors of 813761699.
67, 79, 153743
List the prime factors of 1139354790.
2, 3, 5, 7, 17, 319147
List the prime factors of 170874309.
3, 127, 541, 829
What are the prime factors of 8906443?
7, 13, 97, 1009
List the prime factors of 223340999.
7, 31905857
List the prime factors of 2665911910.
2, 5, 47, 67, 84659
List the prime factors of 326070166.
2, 17, 9590299
What are the prime factors of 7827764624?
2, 489235289
List the prime factors of 39283549.
17, 2310797
List the prime factors of 166816124.
2, 19, 139, 15791
List the prime factors of 1134211768.
2, 141776471
What are the prime factors of 106061318?
2, 11, 563, 8563
What are the prime factors of 294821161?
294821161
List the prime factors of 1853590322.
2, 251, 3692411
List the prime factors of 192684302.
2, 47, 139, 14747
What are the prime factors of 5177266403?
37, 1583, 2389
What are the prime factors of 3584781545?
5, 1187, 604007
List the prime factors of 1161623424.
2, 3, 13, 47, 4951
What are the prime factors of 40608365?
5, 7, 67, 17317
List the prime factors of 1742588782.
2, 11, 229, 345889
What are the prime factors of 5762153369?
7, 823164767
What are the prime factors of 106840077?
3, 35613359
What are the prime factors of 12999533?
12999533
What are the prime factors of 460805122?
2, 653, 352837
List the prime factors of 546176305.
5, 109235261
What are the prime factors of 615805977?
3, 17, 12074627
List the prime factors of 135842898.
2, 3, 59, 137, 2801
What are the prime factors of 145820066?
2, 7, 53, 196523
What are the prime factors of 647157198?
2, 3, 109, 907, 1091
List the prime factors of 5037925.
5, 201517
List the prime factors of 5814857913.
3, 1938285971
What are the prime factors of 9369215?
5, 47, 39869
What are the prime factors of 288783871?
181, 881, 1811
List the prime factors of 339544617.
3, 83, 503, 2711
What are the prime factors of 1030083?
3, 313, 1097
List the prime factors of 25709650.
2, 5, 167, 3079
What are the prime factors of 1485145265?
5, 297029053
What are the prime factors of 550740914?
2, 29, 53, 179161
List the prime factors of 3084724211.
193, 15983027
List the prime factors of 152493146.
2, 13, 5865121
What are the prime factors of 207650245?
5, 11, 31, 121789
List the prime factors of 108096311.
29, 3727459
What are the prime factors of 80164365?
3, 5, 5344291
List the prime factors of 73317424.
2, 37, 271, 457
List the prime factors of 962404962.
2, 3, 23, 29, 101, 2381
What are the prime factors of 2378767455?
3, 5, 4051, 13049
List the prime factors of 246142053.
3, 29, 943073
List the prime factors of 589387548.
2, 3, 89, 551861
List the prime factors of 43501061.
71, 251, 2441
List the prime factors of 5225174925.
3, 5, 463, 150473
List the prime factors of 13255007.
13255007
List the prime factors of 62500088.
2, 7, 22777
What are the prime factors of 55605260?
2, 5, 23, 109, 1109
List the prime factors of 55851988.
2, 227, 61511
List the prime factors of 583666843.
583666843
What are the prime factors of 1467393833?
829, 1770077
What are the prime factors of 6416528?
2, 19, 21107
What are the prime factors of 250913752?
2, 31, 1011749
What are the prime factors of 590197378?
2, 41, 7197529
What are the prime factors of 1853023?
449, 4127
List the prime factors of 2831911582.
2, 19, 53, 149, 9437
What are the prime factors of 105585395?
5, 409, 51631
List the prime factors of 2114186120.
2, 5, 1427, 37039
What are the prime factors of 167588725?
5, 37, 103, 1759
What are the prime factors of 7312258965?
3, 5, 11, 19, 122761
List the prime factors of 2922052317.
3, 61, 15967499
What are the prime factors of 42384789?
3, 53, 1097
What are the prime factors of 38213032?
2, 11, 13, 33403
List the prime factors of 42844287.
3, 151, 271, 349
What are the prime factors of 31338922?
2, 17, 921733
List the prime factors of 29433373.
151, 421, 463
What are the prime factors of 69914120?
2, 5, 977, 1789
What are the prime factors of 153357820?
2, 5, 7, 11, 823
List the prime factors of 139977934.
2, 69988967
List the prime factors of 192920905.
5, 29, 31, 167, 257
List the prime factors of 83303730.
2, 3, 5, 925597
What are the prime factors of 416103183?
3, 211, 73039
List the prime factors of 1240275129.
3, 413425043
List the prime factors of 705384753.
3, 199, 1181549
What are the prime factors of 123456649?
5827, 21187
List the prime factors of 254957925.
3, 5, 17, 199967
List the prime factors of 64797218.
2, 3163, 10243
What are the prime factors of 79040004?
2, 3, 17, 163, 2377
List the prime factors of 8515887840.
2, 3, 5, 251, 23561
List the prime factors of 2559963870.
2, 3, 5, 17, 1673179
List the prime factors of 857419826.
2, 428709913
List the prime factors of 419184999.
3, 193, 241327
What are the prime factors of 1021033907?
37, 1301, 21211
What are the prime factors of 718357389?
3, 17, 31, 53, 8573
What are the prime factors of 11215856?
2, 283, 2477
List the prime factors of 81975683.
17, 37, 53, 2459
What are the prime factors of 93904412?
2, 7, 3353729
List the prime factors of 177586456.
2, 22198307
List the prime factors of 165851975.
5, 6634079
List the prime factors of 6915692996.
2, 1728923249
What are the prime factors of 17020447?
19, 895813
What are the prime factors of 143043380?
2, 5, 7152169
List the prime factors of 89641290.
2, 3, 5, 571, 5233
What are the prime factors of 1453894962?
2, 3, 13, 18639679
What are the prime factors of 296912823?
3, 31, 3192611
List the prime factors of 559229870.
2, 5, 55922987
List the prime factors of 172970327.
23, 2683, 2803
List the prime factors of 2573941892.
2, 643485473
What are the prime factors of 10006175?
5, 400247
List the prime factors of 78539474.
2, 13, 89, 33941
List the prime factors of 694495690.
2, 5, 7, 127, 78121
What are the prime factors of 419477948?
2, 167, 627961
What are the prime factors of 5000703490?
2, 5, 43, 1867, 6229
List the prime factors of 76428440.
2, 5, 11, 15791
List the prime factors of 321702557.
11, 127, 230281
List the prime factors of 140900018.
2, 7, 10064287
List the prime factors of 88784324.
2, 23, 965047
What are the prime factors of 264183531?
3, 88061177
List the prime factors of 291718491.
3, 389, 249973
What are the prime factors of 1469390419?
7, 6473, 32429
What are the prime factors of 54192018?
2, 3, 9032003
What are the prime factors of 56886064?
2, 3555379
List the prime factors of 1878662907.
3, 11, 4273, 4441
What are the prime factors of 239663072?
2, 11, 680861
List the prime factors of 1507748717.
17, 53, 59, 113, 251
What are the prime factors of 1249440806?
2, 17, 41, 896299
What are the prime factors of 2933937?
3, 325993
List the prime factors of 2577216768.
2, 3, 7, 457, 1049
What are the prime factors of 217211102?
2, 29, 3745019
List the prime factors of 75427946.
2, 11, 17, 41, 4919
List the prime factors of 1113589591.
1113589591
List the prime factors of 51950217.
3, 11, 1574249
List the prime factors of 91852869.
3, 23, 53, 25117
What are the prime factors of 56187606?
2, 3, 9364601
What are the prime factors of 430747851?
3, 143582617
List the prime factors of 4524617019.
3, 13, 116015821
What are the prime factors of 24548366?
2, 59, 208037
What are the prime factors of 12770686?
2, 6385343
What are the prime factors of 443499864?
2, 3, 1381, 13381
What are the prime factors of 1556112029?
1556112029
What are the prime factors of 1735815838?
2, 17, 421, 121267
What are the prime factors of 2012467408?
2, 7, 17968459
What are the prime factors of 400698840?
2, 3, 5, 17, 103, 1907
What are the prime factors of 46171391?
7, 281, 23473
What are the prime factors of 1587996467?
1587996467
What are the prime factors of 253723833?
3, 11, 23, 4127
What are the prime factors of 1126397108?
2, 71, 113, 35099
What are the prime factors of 5994541730?
2, 5, 73, 8211701
List the prime factors of 1669769477.
1669769477
What are the prime factors of 14178078?
2, 3, 29173
What are the prime factors of 55986927?
3, 373, 50033
List the prime factors of 64131324.
2, 3, 5344277
What are the prime factors of 103843142?
2, 13, 29, 137723
List 